{"id":2,"date":"2026-05-12T15:07:31","date_gmt":"2026-05-12T15:07:31","guid":{"rendered":"http:\/\/vom-schaeferhof.ch\/?page_id=2"},"modified":"2026-05-12T21:04:14","modified_gmt":"2026-05-12T21:04:14","slug":"sample-page","status":"publish","type":"page","link":"https:\/\/vom-schaeferhof.ch\/?page_id=2","title":{"rendered":"Kontakt"},"content":{"rendered":"\n<h2 class=\"wp-block-heading\">Kontaktieren Sie uns<\/h2>\n\n\n\n<p>Bei Fragen zur Zucht, zu geplanten W\u00fcrfen oder zum Deutschen Sch\u00e4ferhund allgemein freuen wir uns \u00fcber Eure Kontaktaufnahme.<\/p>\n\n\n\n<h3 class=\"wp-block-heading\">Adresse<\/h3>\n\n\n\n<p>Neum\u00fchlestrasse 36<br>9403 Goldach<br>Schweiz<\/p>\n\n\n\n<h3 class=\"wp-block-heading\">Telefon<\/h3>\n\n\n\n<p>Walter Manser<br>+41 78 763 05 21<\/p>\n\n\n\n<p>Alex St\u00e4rkle<br>+41 79 433 99 62<\/p>\n\n\n\n<h3 class=\"wp-block-heading\">E-Mail<\/h3>\n\n\n\n<p>vomschaeferhof@gmail.com<br><\/p>\n","protected":false},"excerpt":{"rendered":"<p>Kontaktieren Sie uns Bei Fragen zur Zucht, zu geplanten W\u00fcrfen oder zum Deutschen Sch\u00e4ferhund allgemein freuen wir uns \u00fcber Eure Kontaktaufnahme. Adresse Neum\u00fchlestrasse 369403 GoldachSchweiz Telefon Walter Manser+41 78 763 05 21 Alex St\u00e4rkle+41 79 433 99 62 E-Mail vomschaeferhof@gmail.com<\/p>\n","protected":false},"author":1,"featured_media":0,"parent":0,"menu_order":0,"comment_status":"closed","ping_status":"open","template":"","meta":{"footnotes":""},"class_list":["post-2","page","type-page","status-publish","hentry"],"_links":{"self":[{"href":"https:\/\/vom-schaeferhof.ch\/index.php?rest_route=\/wp\/v2\/pages\/2","targetHints":{"allow":["GET"]}}],"collection":[{"href":"https:\/\/vom-schaeferhof.ch\/index.php?rest_route=\/wp\/v2\/pages"}],"about":[{"href":"https:\/\/vom-schaeferhof.ch\/index.php?rest_route=\/wp\/v2\/types\/page"}],"author":[{"embeddable":true,"href":"https:\/\/vom-schaeferhof.ch\/index.php?rest_route=\/wp\/v2\/users\/1"}],"replies":[{"embeddable":true,"href":"https:\/\/vom-schaeferhof.ch\/index.php?rest_route=%2Fwp%2Fv2%2Fcomments&post=2"}],"version-history":[{"count":2,"href":"https:\/\/vom-schaeferhof.ch\/index.php?rest_route=\/wp\/v2\/pages\/2\/revisions"}],"predecessor-version":[{"id":123,"href":"https:\/\/vom-schaeferhof.ch\/index.php?rest_route=\/wp\/v2\/pages\/2\/revisions\/123"}],"wp:attachment":[{"href":"https:\/\/vom-schaeferhof.ch\/index.php?rest_route=%2Fwp%2Fv2%2Fmedia&parent=2"}],"curies":[{"name":"wp","href":"https:\/\/api.w.org\/{rel}","templated":true}]}}